{"id":18707,"date":"2021-09-20T15:52:03","date_gmt":"2021-09-20T15:52:03","guid":{"rendered":"https:\/\/lebrac.es\/textil\/?post_type=product&#038;p=18707"},"modified":"2022-02-01T13:51:15","modified_gmt":"2022-02-01T13:51:15","slug":"etiqueta-identificador-maletas","status":"publish","type":"product","link":"https:\/\/lebrac.es\/textil\/comprar\/hombre\/etiqueta-identificador-maletas\/","title":{"rendered":"Etiqueta Identificador Maletas"},"content":{"rendered":"<p>Letra Normal:<\/p>\n<p><img decoding=\"async\" loading=\"lazy\" class=\"alignnone size-full wp-image-193\" src=\"https:\/\/i0.wp.com\/lebrac.es\/textil\/wp-content\/uploads\/2018\/07\/tipos-de-letra-para-bordados-natalia.jpg?resize=900%2C514&#038;ssl=1\" alt=\"tipos de letra para bordados natalia\" width=\"900\" height=\"514\" srcset=\"https:\/\/i0.wp.com\/lebrac.es\/textil\/wp-content\/uploads\/2018\/07\/tipos-de-letra-para-bordados-natalia.jpg?w=900&amp;ssl=1 900w, https:\/\/i0.wp.com\/lebrac.es\/textil\/wp-content\/uploads\/2018\/07\/tipos-de-letra-para-bordados-natalia.jpg?resize=300%2C171&amp;ssl=1 300w, https:\/\/i0.wp.com\/lebrac.es\/textil\/wp-content\/uploads\/2018\/07\/tipos-de-letra-para-bordados-natalia.jpg?resize=768%2C439&amp;ssl=1 768w\" sizes=\"(max-width: 900px) 100vw, 900px\" data-recalc-dims=\"1\" \/>Letra Inglesa:<\/p>\n<p><img decoding=\"async\" loading=\"lazy\" class=\"aligncenter wp-image-18734 size-full\" src=\"https:\/\/i0.wp.com\/lebrac.es\/textil\/wp-content\/uploads\/2021\/09\/fernando-monotypecorsiva.gif?resize=864%2C576&#038;ssl=1\" alt=\"\" width=\"864\" height=\"576\" data-recalc-dims=\"1\" \/><\/p>\n","protected":false},"excerpt":{"rendered":"<p>Etiqueta para identificar maletas, mochilas, &#8230;<\/p>\n<div><span data-spm-anchor-id=\"a2g0o.detail.1000023.i0.e1b574e4Qfivd6\">Material: PU<\/span><\/div>\n<div><\/div>\n<div>Tama\u00f1o: 10,5 \u00d7 6,5 cm.<\/div>\n<p><strong>Personal\u00edzalo<\/strong> con tus iniciales bordadas.<\/p>\n","protected":false},"featured_media":18726,"comment_status":"open","ping_status":"closed","template":"","meta":{"_monsterinsights_skip_tracking":false,"_monsterinsights_sitenote_active":false,"_monsterinsights_sitenote_note":"","_monsterinsights_sitenote_category":0,"jetpack_post_was_ever_published":false,"jetpack_publicize_message":"","jetpack_is_tweetstorm":false,"jetpack_publicize_feature_enabled":true,"jetpack_social_post_already_shared":true,"jetpack_social_options":{"image_generator_settings":{"template":"highway","enabled":false}}},"product_cat":[32,15,20,27,16],"product_tag":[54,125,126,42,124,55],"jetpack_publicize_connections":[],"yoast_head":"<!-- This site is optimized with the Yoast SEO plugin v20.7 - https:\/\/yoast.com\/wordpress\/plugins\/seo\/ -->\n<title>Etiqueta Identificador Maletas - Lebrac<\/title>\n<meta name=\"robots\" content=\"index, follow, max-snippet:-1, max-image-preview:large, max-video-preview:-1\" \/>\n<link rel=\"canonical\" href=\"https:\/\/lebrac.es\/textil\/comprar\/hombre\/etiqueta-identificador-maletas\/\" \/>\n<meta property=\"og:locale\" content=\"es_ES\" \/>\n<meta property=\"og:type\" content=\"article\" \/>\n<meta property=\"og:title\" content=\"Etiqueta Identificador Maletas - Lebrac\" \/>\n<meta property=\"og:description\" content=\"Etiqueta para identificar maletas, mochilas, ... Material: PU  Tama\u00f1o: 10,5 \u00d7 6,5 cm. Personal\u00edzalo con tus iniciales bordadas.\" \/>\n<meta property=\"og:url\" content=\"https:\/\/lebrac.es\/textil\/comprar\/hombre\/etiqueta-identificador-maletas\/\" \/>\n<meta property=\"og:site_name\" content=\"Lebrac\" \/>\n<meta property=\"article:modified_time\" content=\"2022-02-01T13:51:15+00:00\" \/>\n<meta property=\"og:image\" content=\"https:\/\/lebrac.es\/textil\/wp-content\/uploads\/2021\/09\/img202109171510561-scaled.jpg\" \/>\n\t<meta property=\"og:image:width\" content=\"2560\" \/>\n\t<meta property=\"og:image:height\" content=\"2560\" \/>\n\t<meta property=\"og:image:type\" content=\"image\/jpeg\" \/>\n<meta name=\"twitter:card\" content=\"summary_large_image\" \/>\n<script type=\"application\/ld+json\" class=\"yoast-schema-graph\">{\"@context\":\"https:\/\/schema.org\",\"@graph\":[{\"@type\":\"WebPage\",\"@id\":\"https:\/\/lebrac.es\/textil\/comprar\/hombre\/etiqueta-identificador-maletas\/\",\"url\":\"https:\/\/lebrac.es\/textil\/comprar\/hombre\/etiqueta-identificador-maletas\/\",\"name\":\"Etiqueta Identificador Maletas - Lebrac\",\"isPartOf\":{\"@id\":\"https:\/\/lebrac.es\/textil\/#website\"},\"datePublished\":\"2021-09-20T15:52:03+00:00\",\"dateModified\":\"2022-02-01T13:51:15+00:00\",\"breadcrumb\":{\"@id\":\"https:\/\/lebrac.es\/textil\/comprar\/hombre\/etiqueta-identificador-maletas\/#breadcrumb\"},\"inLanguage\":\"es\",\"potentialAction\":[{\"@type\":\"ReadAction\",\"target\":[\"https:\/\/lebrac.es\/textil\/comprar\/hombre\/etiqueta-identificador-maletas\/\"]}]},{\"@type\":\"BreadcrumbList\",\"@id\":\"https:\/\/lebrac.es\/textil\/comprar\/hombre\/etiqueta-identificador-maletas\/#breadcrumb\",\"itemListElement\":[{\"@type\":\"ListItem\",\"position\":1,\"name\":\"Portada\",\"item\":\"https:\/\/lebrac.es\/textil\/\"},{\"@type\":\"ListItem\",\"position\":2,\"name\":\"Tienda\",\"item\":\"https:\/\/lebrac.es\/textil\/tienda\/\"},{\"@type\":\"ListItem\",\"position\":3,\"name\":\"Etiqueta Identificador Maletas\"}]},{\"@type\":\"WebSite\",\"@id\":\"https:\/\/lebrac.es\/textil\/#website\",\"url\":\"https:\/\/lebrac.es\/textil\/\",\"name\":\"Lebrac\",\"description\":\"Personalizaci\u00f3n textil, Bordados, campa\u00f1as publicitarias\",\"potentialAction\":[{\"@type\":\"SearchAction\",\"target\":{\"@type\":\"EntryPoint\",\"urlTemplate\":\"https:\/\/lebrac.es\/textil\/?s={search_term_string}\"},\"query-input\":\"required name=search_term_string\"}],\"inLanguage\":\"es\"}]}<\/script>\n<!-- \/ Yoast SEO plugin. -->","yoast_head_json":{"title":"Etiqueta Identificador Maletas - Lebrac","robots":{"index":"index","follow":"follow","max-snippet":"max-snippet:-1","max-image-preview":"max-image-preview:large","max-video-preview":"max-video-preview:-1"},"canonical":"https:\/\/lebrac.es\/textil\/comprar\/hombre\/etiqueta-identificador-maletas\/","og_locale":"es_ES","og_type":"article","og_title":"Etiqueta Identificador Maletas - Lebrac","og_description":"Etiqueta para identificar maletas, mochilas, ... Material: PU  Tama\u00f1o: 10,5 \u00d7 6,5 cm. Personal\u00edzalo con tus iniciales bordadas.","og_url":"https:\/\/lebrac.es\/textil\/comprar\/hombre\/etiqueta-identificador-maletas\/","og_site_name":"Lebrac","article_modified_time":"2022-02-01T13:51:15+00:00","og_image":[{"width":2560,"height":2560,"url":"https:\/\/lebrac.es\/textil\/wp-content\/uploads\/2021\/09\/img202109171510561-scaled.jpg","type":"image\/jpeg"}],"twitter_card":"summary_large_image","schema":{"@context":"https:\/\/schema.org","@graph":[{"@type":"WebPage","@id":"https:\/\/lebrac.es\/textil\/comprar\/hombre\/etiqueta-identificador-maletas\/","url":"https:\/\/lebrac.es\/textil\/comprar\/hombre\/etiqueta-identificador-maletas\/","name":"Etiqueta Identificador Maletas - Lebrac","isPartOf":{"@id":"https:\/\/lebrac.es\/textil\/#website"},"datePublished":"2021-09-20T15:52:03+00:00","dateModified":"2022-02-01T13:51:15+00:00","breadcrumb":{"@id":"https:\/\/lebrac.es\/textil\/comprar\/hombre\/etiqueta-identificador-maletas\/#breadcrumb"},"inLanguage":"es","potentialAction":[{"@type":"ReadAction","target":["https:\/\/lebrac.es\/textil\/comprar\/hombre\/etiqueta-identificador-maletas\/"]}]},{"@type":"BreadcrumbList","@id":"https:\/\/lebrac.es\/textil\/comprar\/hombre\/etiqueta-identificador-maletas\/#breadcrumb","itemListElement":[{"@type":"ListItem","position":1,"name":"Portada","item":"https:\/\/lebrac.es\/textil\/"},{"@type":"ListItem","position":2,"name":"Tienda","item":"https:\/\/lebrac.es\/textil\/tienda\/"},{"@type":"ListItem","position":3,"name":"Etiqueta Identificador Maletas"}]},{"@type":"WebSite","@id":"https:\/\/lebrac.es\/textil\/#website","url":"https:\/\/lebrac.es\/textil\/","name":"Lebrac","description":"Personalizaci\u00f3n textil, Bordados, campa\u00f1as publicitarias","potentialAction":[{"@type":"SearchAction","target":{"@type":"EntryPoint","urlTemplate":"https:\/\/lebrac.es\/textil\/?s={search_term_string}"},"query-input":"required name=search_term_string"}],"inLanguage":"es"}]}},"jetpack_sharing_enabled":true,"_links":{"self":[{"href":"https:\/\/lebrac.es\/textil\/wp-json\/wp\/v2\/product\/18707"}],"collection":[{"href":"https:\/\/lebrac.es\/textil\/wp-json\/wp\/v2\/product"}],"about":[{"href":"https:\/\/lebrac.es\/textil\/wp-json\/wp\/v2\/types\/product"}],"replies":[{"embeddable":true,"href":"https:\/\/lebrac.es\/textil\/wp-json\/wp\/v2\/comments?post=18707"}],"wp:featuredmedia":[{"embeddable":true,"href":"https:\/\/lebrac.es\/textil\/wp-json\/wp\/v2\/media\/18726"}],"wp:attachment":[{"href":"https:\/\/lebrac.es\/textil\/wp-json\/wp\/v2\/media?parent=18707"}],"wp:term":[{"taxonomy":"product_cat","embeddable":true,"href":"https:\/\/lebrac.es\/textil\/wp-json\/wp\/v2\/product_cat?post=18707"},{"taxonomy":"product_tag","embeddable":true,"href":"https:\/\/lebrac.es\/textil\/wp-json\/wp\/v2\/product_tag?post=18707"}],"curies":[{"name":"wp","href":"https:\/\/api.w.org\/{rel}","templated":true}]}}

<p>Etiqueta para identificar maletas, mochilas, &#8230;</p>
<div><span data-spm-anchor-id="a2g0o.detail.1000023.i0.e1b574e4Qfivd6">Material: PU</span></div>
<div></div>
<div>Tamaño: 10,5 × 6,5 cm.</div>
<p><strong>Personalízalo</strong> con tus iniciales bordadas.</p>

<!-- This site is optimized with the Yoast SEO plugin v20.7 - https://yoast.com/wordpress/plugins/seo/ -->
<title>Etiqueta Identificador Maletas - Lebrac</title>
<meta name="robots" content="index, follow, max-snippet:-1, max-image-preview:large, max-video-preview:-1" />
<link rel="canonical" href="https://lebrac.es/textil/comprar/hombre/etiqueta-identificador-maletas/" />
<meta property="og:locale" content="es_ES" />
<meta property="og:type" content="article" />
<meta property="og:title" content="Etiqueta Identificador Maletas - Lebrac" />
<meta property="og:description" content="Etiqueta para identificar maletas, mochilas, ... Material: PU  Tamaño: 10,5 × 6,5 cm. Personalízalo con tus iniciales bordadas." />
<meta property="og:url" content="https://lebrac.es/textil/comprar/hombre/etiqueta-identificador-maletas/" />
<meta property="og:site_name" content="Lebrac" />
<meta property="article:modified_time" content="2022-02-01T13:51:15+00:00" />
<meta property="og:image" content="https://lebrac.es/textil/wp-content/uploads/2021/09/img202109171510561-scaled.jpg" />
	<meta property="og:image:width" content="2560" />
	<meta property="og:image:height" content="2560" />
	<meta property="og:image:type" content="image/jpeg" />
<meta name="twitter:card" content="summary_large_image" />
<script type="application/ld+json" class="yoast-schema-graph">{"@context":"https://schema.org","@graph":[{"@type":"WebPage","@id":"https://lebrac.es/textil/comprar/hombre/etiqueta-identificador-maletas/","url":"https://lebrac.es/textil/comprar/hombre/etiqueta-identificador-maletas/","name":"Etiqueta Identificador Maletas - Lebrac","isPartOf":{"@id":"https://lebrac.es/textil/#website"},"datePublished":"2021-09-20T15:52:03+00:00","dateModified":"2022-02-01T13:51:15+00:00","breadcrumb":{"@id":"https://lebrac.es/textil/comprar/hombre/etiqueta-identificador-maletas/#breadcrumb"},"inLanguage":"es","potentialAction":[{"@type":"ReadAction","target":["https://lebrac.es/textil/comprar/hombre/etiqueta-identificador-maletas/"]}]},{"@type":"BreadcrumbList","@id":"https://lebrac.es/textil/comprar/hombre/etiqueta-identificador-maletas/#breadcrumb","itemListElement":[{"@type":"ListItem","position":1,"name":"Portada","item":"https://lebrac.es/textil/"},{"@type":"ListItem","position":2,"name":"Tienda","item":"https://lebrac.es/textil/tienda/"},{"@type":"ListItem","position":3,"name":"Etiqueta Identificador Maletas"}]},{"@type":"WebSite","@id":"https://lebrac.es/textil/#website","url":"https://lebrac.es/textil/","name":"Lebrac","description":"Personalización textil, Bordados, campañas publicitarias","potentialAction":[{"@type":"SearchAction","target":{"@type":"EntryPoint","urlTemplate":"https://lebrac.es/textil/?s={search_term_string}"},"query-input":"required name=search_term_string"}],"inLanguage":"es"}]}</script>
<!-- / Yoast SEO plugin. -->

Etiqueta para identificar maletas, mochilas, ... Material: PU  Tamaño: 10,5 × 6,5 cm. Personalízalo con tus iniciales bordadas.

Personalización textil, Bordados, campañas publicitarias
