{"id":18558,"date":"2020-11-14T15:07:27","date_gmt":"2020-11-14T15:07:27","guid":{"rendered":"https:\/\/lebrac.es\/textil\/?post_type=product&#038;p=18558"},"modified":"2025-05-19T20:06:17","modified_gmt":"2025-05-19T20:06:17","slug":"jarron-de-cristal","status":"publish","type":"product","link":"https:\/\/lebrac.es\/textil\/comprar\/casa-decoracion\/jarron-de-cristal\/","title":{"rendered":"Jarr\u00f3n de cristal"},"content":{"rendered":"<p>Jarr\u00f3n\/copa de cristal.<\/p>\n<p>Opciones a elegir: color de la polipiel, texto a bordar y color del texto.<\/p>\n<p>Medidas: 12,5&#215;20,7cm. (di\u00e1metro x altura)<\/p>\n<p>(No se incluyen los accesorios de las fotos como flores, velas&#8230;)<\/p>\n<p>Letra Normal:<\/p>\n<p><img decoding=\"async\" loading=\"lazy\" class=\"alignnone size-full wp-image-193\" src=\"https:\/\/i0.wp.com\/lebrac.es\/textil\/wp-content\/uploads\/2018\/07\/tipos-de-letra-para-bordados-natalia.jpg?resize=900%2C514&#038;ssl=1\" alt=\"tipos de letra para bordados natalia\" width=\"900\" height=\"514\" srcset=\"https:\/\/i0.wp.com\/lebrac.es\/textil\/wp-content\/uploads\/2018\/07\/tipos-de-letra-para-bordados-natalia.jpg?w=900&amp;ssl=1 900w, https:\/\/i0.wp.com\/lebrac.es\/textil\/wp-content\/uploads\/2018\/07\/tipos-de-letra-para-bordados-natalia.jpg?resize=300%2C171&amp;ssl=1 300w, https:\/\/i0.wp.com\/lebrac.es\/textil\/wp-content\/uploads\/2018\/07\/tipos-de-letra-para-bordados-natalia.jpg?resize=768%2C439&amp;ssl=1 768w\" sizes=\"(max-width: 900px) 100vw, 900px\" data-recalc-dims=\"1\" \/><\/p>\n","protected":false},"excerpt":{"rendered":"<p>Jarr\u00f3n \/ Copa de cristal con cinta polipiel personalizada con iniciales bordadas.<\/p>\n<p>Tama\u00f1o 12,5&#215;20,7cm.<\/p>\n<p><strong>Personal\u00edzalo<\/strong> con tus iniciales bordadas.<\/p>\n<p>Ideal como regalo de agradecimiento, aniversario, cumplea\u00f1os o un detalle \u00fanico para tu casa.<\/p>\n","protected":false},"featured_media":18572,"comment_status":"open","ping_status":"closed","template":"","meta":{"_monsterinsights_skip_tracking":false,"_monsterinsights_sitenote_active":false,"_monsterinsights_sitenote_note":"","_monsterinsights_sitenote_category":0,"jetpack_post_was_ever_published":false,"jetpack_publicize_message":"","jetpack_is_tweetstorm":false,"jetpack_publicize_feature_enabled":true,"jetpack_social_post_already_shared":true,"jetpack_social_options":{"image_generator_settings":{"template":"highway","enabled":false}}},"product_cat":[20],"product_tag":[57,54,55,47],"jetpack_publicize_connections":[],"yoast_head":"<!-- This site is optimized with the Yoast SEO plugin v20.7 - https:\/\/yoast.com\/wordpress\/plugins\/seo\/ -->\n<title>Jarr\u00f3n de cristal - Lebrac<\/title>\n<meta name=\"robots\" content=\"index, follow, max-snippet:-1, max-image-preview:large, max-video-preview:-1\" \/>\n<link rel=\"canonical\" href=\"https:\/\/lebrac.es\/textil\/comprar\/casa-decoracion\/jarron-de-cristal\/\" \/>\n<meta property=\"og:locale\" content=\"es_ES\" \/>\n<meta property=\"og:type\" content=\"article\" \/>\n<meta property=\"og:title\" content=\"Jarr\u00f3n de cristal - Lebrac\" \/>\n<meta property=\"og:description\" content=\"Jarr\u00f3n \/ Copa de cristal con cinta polipiel personalizada con iniciales bordadas.  Tama\u00f1o 12,5x20,7cm.  Personal\u00edzalo con tus iniciales bordadas.  Ideal como regalo de agradecimiento, aniversario, cumplea\u00f1os o un detalle \u00fanico para tu casa.\" \/>\n<meta property=\"og:url\" content=\"https:\/\/lebrac.es\/textil\/comprar\/casa-decoracion\/jarron-de-cristal\/\" \/>\n<meta property=\"og:site_name\" content=\"Lebrac\" \/>\n<meta property=\"article:modified_time\" content=\"2025-05-19T20:06:17+00:00\" \/>\n<meta property=\"og:image\" content=\"https:\/\/lebrac.es\/textil\/wp-content\/uploads\/2020\/11\/img20201113130903_fotor-scaled.jpg\" \/>\n\t<meta property=\"og:image:width\" content=\"2560\" \/>\n\t<meta property=\"og:image:height\" content=\"2560\" \/>\n\t<meta property=\"og:image:type\" content=\"image\/jpeg\" \/>\n<meta name=\"twitter:card\" content=\"summary_large_image\" \/>\n<script type=\"application\/ld+json\" class=\"yoast-schema-graph\">{\"@context\":\"https:\/\/schema.org\",\"@graph\":[{\"@type\":\"WebPage\",\"@id\":\"https:\/\/lebrac.es\/textil\/comprar\/casa-decoracion\/jarron-de-cristal\/\",\"url\":\"https:\/\/lebrac.es\/textil\/comprar\/casa-decoracion\/jarron-de-cristal\/\",\"name\":\"Jarr\u00f3n de cristal - Lebrac\",\"isPartOf\":{\"@id\":\"https:\/\/lebrac.es\/textil\/#website\"},\"datePublished\":\"2020-11-14T15:07:27+00:00\",\"dateModified\":\"2025-05-19T20:06:17+00:00\",\"breadcrumb\":{\"@id\":\"https:\/\/lebrac.es\/textil\/comprar\/casa-decoracion\/jarron-de-cristal\/#breadcrumb\"},\"inLanguage\":\"es\",\"potentialAction\":[{\"@type\":\"ReadAction\",\"target\":[\"https:\/\/lebrac.es\/textil\/comprar\/casa-decoracion\/jarron-de-cristal\/\"]}]},{\"@type\":\"BreadcrumbList\",\"@id\":\"https:\/\/lebrac.es\/textil\/comprar\/casa-decoracion\/jarron-de-cristal\/#breadcrumb\",\"itemListElement\":[{\"@type\":\"ListItem\",\"position\":1,\"name\":\"Portada\",\"item\":\"https:\/\/lebrac.es\/textil\/\"},{\"@type\":\"ListItem\",\"position\":2,\"name\":\"Tienda\",\"item\":\"https:\/\/lebrac.es\/textil\/tienda\/\"},{\"@type\":\"ListItem\",\"position\":3,\"name\":\"Jarr\u00f3n de cristal\"}]},{\"@type\":\"WebSite\",\"@id\":\"https:\/\/lebrac.es\/textil\/#website\",\"url\":\"https:\/\/lebrac.es\/textil\/\",\"name\":\"Lebrac\",\"description\":\"Personalizaci\u00f3n textil, Bordados, campa\u00f1as publicitarias\",\"potentialAction\":[{\"@type\":\"SearchAction\",\"target\":{\"@type\":\"EntryPoint\",\"urlTemplate\":\"https:\/\/lebrac.es\/textil\/?s={search_term_string}\"},\"query-input\":\"required name=search_term_string\"}],\"inLanguage\":\"es\"}]}<\/script>\n<!-- \/ Yoast SEO plugin. -->","yoast_head_json":{"title":"Jarr\u00f3n de cristal - Lebrac","robots":{"index":"index","follow":"follow","max-snippet":"max-snippet:-1","max-image-preview":"max-image-preview:large","max-video-preview":"max-video-preview:-1"},"canonical":"https:\/\/lebrac.es\/textil\/comprar\/casa-decoracion\/jarron-de-cristal\/","og_locale":"es_ES","og_type":"article","og_title":"Jarr\u00f3n de cristal - Lebrac","og_description":"Jarr\u00f3n \/ Copa de cristal con cinta polipiel personalizada con iniciales bordadas.  Tama\u00f1o 12,5x20,7cm.  Personal\u00edzalo con tus iniciales bordadas.  Ideal como regalo de agradecimiento, aniversario, cumplea\u00f1os o un detalle \u00fanico para tu casa.","og_url":"https:\/\/lebrac.es\/textil\/comprar\/casa-decoracion\/jarron-de-cristal\/","og_site_name":"Lebrac","article_modified_time":"2025-05-19T20:06:17+00:00","og_image":[{"width":2560,"height":2560,"url":"https:\/\/lebrac.es\/textil\/wp-content\/uploads\/2020\/11\/img20201113130903_fotor-scaled.jpg","type":"image\/jpeg"}],"twitter_card":"summary_large_image","schema":{"@context":"https:\/\/schema.org","@graph":[{"@type":"WebPage","@id":"https:\/\/lebrac.es\/textil\/comprar\/casa-decoracion\/jarron-de-cristal\/","url":"https:\/\/lebrac.es\/textil\/comprar\/casa-decoracion\/jarron-de-cristal\/","name":"Jarr\u00f3n de cristal - Lebrac","isPartOf":{"@id":"https:\/\/lebrac.es\/textil\/#website"},"datePublished":"2020-11-14T15:07:27+00:00","dateModified":"2025-05-19T20:06:17+00:00","breadcrumb":{"@id":"https:\/\/lebrac.es\/textil\/comprar\/casa-decoracion\/jarron-de-cristal\/#breadcrumb"},"inLanguage":"es","potentialAction":[{"@type":"ReadAction","target":["https:\/\/lebrac.es\/textil\/comprar\/casa-decoracion\/jarron-de-cristal\/"]}]},{"@type":"BreadcrumbList","@id":"https:\/\/lebrac.es\/textil\/comprar\/casa-decoracion\/jarron-de-cristal\/#breadcrumb","itemListElement":[{"@type":"ListItem","position":1,"name":"Portada","item":"https:\/\/lebrac.es\/textil\/"},{"@type":"ListItem","position":2,"name":"Tienda","item":"https:\/\/lebrac.es\/textil\/tienda\/"},{"@type":"ListItem","position":3,"name":"Jarr\u00f3n de cristal"}]},{"@type":"WebSite","@id":"https:\/\/lebrac.es\/textil\/#website","url":"https:\/\/lebrac.es\/textil\/","name":"Lebrac","description":"Personalizaci\u00f3n textil, Bordados, campa\u00f1as publicitarias","potentialAction":[{"@type":"SearchAction","target":{"@type":"EntryPoint","urlTemplate":"https:\/\/lebrac.es\/textil\/?s={search_term_string}"},"query-input":"required name=search_term_string"}],"inLanguage":"es"}]}},"jetpack_sharing_enabled":true,"_links":{"self":[{"href":"https:\/\/lebrac.es\/textil\/wp-json\/wp\/v2\/product\/18558"}],"collection":[{"href":"https:\/\/lebrac.es\/textil\/wp-json\/wp\/v2\/product"}],"about":[{"href":"https:\/\/lebrac.es\/textil\/wp-json\/wp\/v2\/types\/product"}],"replies":[{"embeddable":true,"href":"https:\/\/lebrac.es\/textil\/wp-json\/wp\/v2\/comments?post=18558"}],"wp:featuredmedia":[{"embeddable":true,"href":"https:\/\/lebrac.es\/textil\/wp-json\/wp\/v2\/media\/18572"}],"wp:attachment":[{"href":"https:\/\/lebrac.es\/textil\/wp-json\/wp\/v2\/media?parent=18558"}],"wp:term":[{"taxonomy":"product_cat","embeddable":true,"href":"https:\/\/lebrac.es\/textil\/wp-json\/wp\/v2\/product_cat?post=18558"},{"taxonomy":"product_tag","embeddable":true,"href":"https:\/\/lebrac.es\/textil\/wp-json\/wp\/v2\/product_tag?post=18558"}],"curies":[{"name":"wp","href":"https:\/\/api.w.org\/{rel}","templated":true}]}}

Jarrón de cristal

<p>Jarrón/copa de cristal.</p>
<p>Opciones a elegir: color de la polipiel, texto a bordar y color del texto.</p>
<p>Medidas: 12,5&#215;20,7cm. (diámetro x altura)</p>
<p>(No se incluyen los accesorios de las fotos como flores, velas&#8230;)</p>
<p>Letra Normal:</p>
<p><img decoding="async" loading="lazy" class="alignnone size-full wp-image-193" src="https://i0.wp.com/lebrac.es/textil/wp-content/uploads/2018/07/tipos-de-letra-para-bordados-natalia.jpg?resize=900%2C514&#038;ssl=1" alt="tipos de letra para bordados natalia" width="900" height="514" srcset="https://i0.wp.com/lebrac.es/textil/wp-content/uploads/2018/07/tipos-de-letra-para-bordados-natalia.jpg?w=900&amp;ssl=1 900w, https://i0.wp.com/lebrac.es/textil/wp-content/uploads/2018/07/tipos-de-letra-para-bordados-natalia.jpg?resize=300%2C171&amp;ssl=1 300w, https://i0.wp.com/lebrac.es/textil/wp-content/uploads/2018/07/tipos-de-letra-para-bordados-natalia.jpg?resize=768%2C439&amp;ssl=1 768w" sizes="(max-width: 900px) 100vw, 900px" data-recalc-dims="1" /></p>

<p>Jarrón / Copa de cristal con cinta polipiel personalizada con iniciales bordadas.</p>
<p>Tamaño 12,5&#215;20,7cm.</p>
<p><strong>Personalízalo</strong> con tus iniciales bordadas.</p>
<p>Ideal como regalo de agradecimiento, aniversario, cumpleaños o un detalle único para tu casa.</p>

<!-- This site is optimized with the Yoast SEO plugin v20.7 - https://yoast.com/wordpress/plugins/seo/ -->
<title>Jarrón de cristal - Lebrac</title>
<meta name="robots" content="index, follow, max-snippet:-1, max-image-preview:large, max-video-preview:-1" />
<link rel="canonical" href="https://lebrac.es/textil/comprar/casa-decoracion/jarron-de-cristal/" />
<meta property="og:locale" content="es_ES" />
<meta property="og:type" content="article" />
<meta property="og:title" content="Jarrón de cristal - Lebrac" />
<meta property="og:description" content="Jarrón / Copa de cristal con cinta polipiel personalizada con iniciales bordadas.  Tamaño 12,5x20,7cm.  Personalízalo con tus iniciales bordadas.  Ideal como regalo de agradecimiento, aniversario, cumpleaños o un detalle único para tu casa." />
<meta property="og:url" content="https://lebrac.es/textil/comprar/casa-decoracion/jarron-de-cristal/" />
<meta property="og:site_name" content="Lebrac" />
<meta property="article:modified_time" content="2025-05-19T20:06:17+00:00" />
<meta property="og:image" content="https://lebrac.es/textil/wp-content/uploads/2020/11/img20201113130903_fotor-scaled.jpg" />
	<meta property="og:image:width" content="2560" />
	<meta property="og:image:height" content="2560" />
	<meta property="og:image:type" content="image/jpeg" />
<meta name="twitter:card" content="summary_large_image" />
<script type="application/ld+json" class="yoast-schema-graph">{"@context":"https://schema.org","@graph":[{"@type":"WebPage","@id":"https://lebrac.es/textil/comprar/casa-decoracion/jarron-de-cristal/","url":"https://lebrac.es/textil/comprar/casa-decoracion/jarron-de-cristal/","name":"Jarrón de cristal - Lebrac","isPartOf":{"@id":"https://lebrac.es/textil/#website"},"datePublished":"2020-11-14T15:07:27+00:00","dateModified":"2025-05-19T20:06:17+00:00","breadcrumb":{"@id":"https://lebrac.es/textil/comprar/casa-decoracion/jarron-de-cristal/#breadcrumb"},"inLanguage":"es","potentialAction":[{"@type":"ReadAction","target":["https://lebrac.es/textil/comprar/casa-decoracion/jarron-de-cristal/"]}]},{"@type":"BreadcrumbList","@id":"https://lebrac.es/textil/comprar/casa-decoracion/jarron-de-cristal/#breadcrumb","itemListElement":[{"@type":"ListItem","position":1,"name":"Portada","item":"https://lebrac.es/textil/"},{"@type":"ListItem","position":2,"name":"Tienda","item":"https://lebrac.es/textil/tienda/"},{"@type":"ListItem","position":3,"name":"Jarrón de cristal"}]},{"@type":"WebSite","@id":"https://lebrac.es/textil/#website","url":"https://lebrac.es/textil/","name":"Lebrac","description":"Personalización textil, Bordados, campañas publicitarias","potentialAction":[{"@type":"SearchAction","target":{"@type":"EntryPoint","urlTemplate":"https://lebrac.es/textil/?s={search_term_string}"},"query-input":"required name=search_term_string"}],"inLanguage":"es"}]}</script>
<!-- / Yoast SEO plugin. -->

Jarrón de cristal - Lebrac

Jarrón / Copa de cristal con cinta polipiel personalizada con iniciales bordadas.  Tamaño 12,5x20,7cm.  Personalízalo con tus iniciales bordadas.  Ideal como regalo de agradecimiento, aniversario, cumpleaños o un detalle único para tu casa.

Personalización textil, Bordados, campañas publicitarias
