{"id":18014,"date":"2019-06-13T13:31:17","date_gmt":"2019-06-13T13:31:17","guid":{"rendered":"https:\/\/lebrac.es\/textil\/?post_type=product&#038;p=18014"},"modified":"2021-01-29T17:45:23","modified_gmt":"2021-01-29T17:45:23","slug":"portavelas-ceramica-y-cristal","status":"publish","type":"product","link":"https:\/\/lebrac.es\/textil\/comprar\/casa-decoracion\/portavelas-ceramica-y-cristal\/","title":{"rendered":"Portavelas cer\u00e1mica y cristal"},"content":{"rendered":"<p>Portavelas en cer\u00e1mica y cristal.<\/p>\n<p>Opciones a elegir: color de la polipiel, texto a bordar y color del texto.<\/p>\n<p>Medidas: 11&#215;18,5cm.<\/p>\n<p>Contenido:<\/p>\n<p>Portavelas 11&#215;18,5cm.<\/p>\n<p>Vela 6x10cm.<\/p>\n<p>Letra Normal:<\/p>\n<p><img decoding=\"async\" loading=\"lazy\" class=\"alignnone size-full wp-image-193\" src=\"https:\/\/i0.wp.com\/lebrac.es\/textil\/wp-content\/uploads\/2018\/07\/tipos-de-letra-para-bordados-natalia.jpg?resize=900%2C514&#038;ssl=1\" alt=\"tipos de letra para bordados natalia\" width=\"900\" height=\"514\" srcset=\"https:\/\/i0.wp.com\/lebrac.es\/textil\/wp-content\/uploads\/2018\/07\/tipos-de-letra-para-bordados-natalia.jpg?w=900&amp;ssl=1 900w, https:\/\/i0.wp.com\/lebrac.es\/textil\/wp-content\/uploads\/2018\/07\/tipos-de-letra-para-bordados-natalia.jpg?resize=300%2C171&amp;ssl=1 300w, https:\/\/i0.wp.com\/lebrac.es\/textil\/wp-content\/uploads\/2018\/07\/tipos-de-letra-para-bordados-natalia.jpg?resize=768%2C439&amp;ssl=1 768w\" sizes=\"(max-width: 900px) 100vw, 900px\" data-recalc-dims=\"1\" \/><\/p>\n","protected":false},"excerpt":{"rendered":"<p>Porta Velas con base de cer\u00e1mica blanca y cristal. Tama\u00f1o 11&#215;18,5cm.<\/p>\n<p>Incluye vela de tama\u00f1o 6x10cm.<\/p>\n<p>Para las noches de verano, terrazas, jardines, porches, &#8230;<\/p>\n<p><strong>Personal\u00edzalo<\/strong> con tus iniciales bordadas en <strong>Monogram Cl\u00e1sico o Recto\u00a0<\/strong>en dos tonos complementarios (foto principal de producto, polipiel blanco y letras color gris oscuro).<\/p>\n<p>Ideal como regalo de agradecimiento, aniversario, cumplea\u00f1os o un detalle \u00fanico para tu casa.<\/p>\n<p>Tama\u00f1o 11&#215;18,5cm.<\/p>\n<p>Contenido: portavelas+vela<\/p>\n","protected":false},"featured_media":18015,"comment_status":"open","ping_status":"closed","template":"","meta":{"_monsterinsights_skip_tracking":false,"_monsterinsights_sitenote_active":false,"_monsterinsights_sitenote_note":"","_monsterinsights_sitenote_category":0,"jetpack_post_was_ever_published":false,"jetpack_publicize_message":"","jetpack_is_tweetstorm":false,"jetpack_publicize_feature_enabled":true,"jetpack_social_post_already_shared":true,"jetpack_social_options":{"image_generator_settings":{"template":"highway","enabled":false}}},"product_cat":[20],"product_tag":[57,54,55,47],"jetpack_publicize_connections":[],"yoast_head":"<!-- This site is optimized with the Yoast SEO plugin v20.7 - https:\/\/yoast.com\/wordpress\/plugins\/seo\/ -->\n<title>Portavelas cer\u00e1mica y cristal - Lebrac<\/title>\n<meta name=\"robots\" content=\"index, follow, max-snippet:-1, max-image-preview:large, max-video-preview:-1\" \/>\n<link rel=\"canonical\" href=\"https:\/\/lebrac.es\/textil\/comprar\/casa-decoracion\/portavelas-ceramica-y-cristal\/\" \/>\n<meta property=\"og:locale\" content=\"es_ES\" \/>\n<meta property=\"og:type\" content=\"article\" \/>\n<meta property=\"og:title\" content=\"Portavelas cer\u00e1mica y cristal - Lebrac\" \/>\n<meta property=\"og:description\" content=\"Porta Velas con base de cer\u00e1mica blanca y cristal. Tama\u00f1o 11x18,5cm.  Incluye vela de tama\u00f1o 6x10cm.  Para las noches de verano, terrazas, jardines, porches, ...  Personal\u00edzalo con tus iniciales bordadas en Monogram Cl\u00e1sico o Recto\u00a0en dos tonos complementarios (foto principal de producto, polipiel blanco y letras color gris oscuro).  Ideal como regalo de agradecimiento, aniversario, cumplea\u00f1os o un detalle \u00fanico para tu casa.  Tama\u00f1o 11x18,5cm.  Contenido: portavelas+vela\" \/>\n<meta property=\"og:url\" content=\"https:\/\/lebrac.es\/textil\/comprar\/casa-decoracion\/portavelas-ceramica-y-cristal\/\" \/>\n<meta property=\"og:site_name\" content=\"Lebrac\" \/>\n<meta property=\"article:modified_time\" content=\"2021-01-29T17:45:23+00:00\" \/>\n<meta property=\"og:image\" content=\"https:\/\/lebrac.es\/textil\/wp-content\/uploads\/2019\/06\/img_20190613_151948.jpg\" \/>\n\t<meta property=\"og:image:width\" content=\"690\" \/>\n\t<meta property=\"og:image:height\" content=\"1165\" \/>\n\t<meta property=\"og:image:type\" content=\"image\/jpeg\" \/>\n<meta name=\"twitter:card\" content=\"summary_large_image\" \/>\n<script type=\"application\/ld+json\" class=\"yoast-schema-graph\">{\"@context\":\"https:\/\/schema.org\",\"@graph\":[{\"@type\":\"WebPage\",\"@id\":\"https:\/\/lebrac.es\/textil\/comprar\/casa-decoracion\/portavelas-ceramica-y-cristal\/\",\"url\":\"https:\/\/lebrac.es\/textil\/comprar\/casa-decoracion\/portavelas-ceramica-y-cristal\/\",\"name\":\"Portavelas cer\u00e1mica y cristal - Lebrac\",\"isPartOf\":{\"@id\":\"https:\/\/lebrac.es\/textil\/#website\"},\"datePublished\":\"2019-06-13T13:31:17+00:00\",\"dateModified\":\"2021-01-29T17:45:23+00:00\",\"breadcrumb\":{\"@id\":\"https:\/\/lebrac.es\/textil\/comprar\/casa-decoracion\/portavelas-ceramica-y-cristal\/#breadcrumb\"},\"inLanguage\":\"es\",\"potentialAction\":[{\"@type\":\"ReadAction\",\"target\":[\"https:\/\/lebrac.es\/textil\/comprar\/casa-decoracion\/portavelas-ceramica-y-cristal\/\"]}]},{\"@type\":\"BreadcrumbList\",\"@id\":\"https:\/\/lebrac.es\/textil\/comprar\/casa-decoracion\/portavelas-ceramica-y-cristal\/#breadcrumb\",\"itemListElement\":[{\"@type\":\"ListItem\",\"position\":1,\"name\":\"Portada\",\"item\":\"https:\/\/lebrac.es\/textil\/\"},{\"@type\":\"ListItem\",\"position\":2,\"name\":\"Tienda\",\"item\":\"https:\/\/lebrac.es\/textil\/tienda\/\"},{\"@type\":\"ListItem\",\"position\":3,\"name\":\"Portavelas cer\u00e1mica y cristal\"}]},{\"@type\":\"WebSite\",\"@id\":\"https:\/\/lebrac.es\/textil\/#website\",\"url\":\"https:\/\/lebrac.es\/textil\/\",\"name\":\"Lebrac\",\"description\":\"Personalizaci\u00f3n textil, Bordados, campa\u00f1as publicitarias\",\"potentialAction\":[{\"@type\":\"SearchAction\",\"target\":{\"@type\":\"EntryPoint\",\"urlTemplate\":\"https:\/\/lebrac.es\/textil\/?s={search_term_string}\"},\"query-input\":\"required name=search_term_string\"}],\"inLanguage\":\"es\"}]}<\/script>\n<!-- \/ Yoast SEO plugin. -->","yoast_head_json":{"title":"Portavelas cer\u00e1mica y cristal - Lebrac","robots":{"index":"index","follow":"follow","max-snippet":"max-snippet:-1","max-image-preview":"max-image-preview:large","max-video-preview":"max-video-preview:-1"},"canonical":"https:\/\/lebrac.es\/textil\/comprar\/casa-decoracion\/portavelas-ceramica-y-cristal\/","og_locale":"es_ES","og_type":"article","og_title":"Portavelas cer\u00e1mica y cristal - Lebrac","og_description":"Porta Velas con base de cer\u00e1mica blanca y cristal. Tama\u00f1o 11x18,5cm.  Incluye vela de tama\u00f1o 6x10cm.  Para las noches de verano, terrazas, jardines, porches, ...  Personal\u00edzalo con tus iniciales bordadas en Monogram Cl\u00e1sico o Recto\u00a0en dos tonos complementarios (foto principal de producto, polipiel blanco y letras color gris oscuro).  Ideal como regalo de agradecimiento, aniversario, cumplea\u00f1os o un detalle \u00fanico para tu casa.  Tama\u00f1o 11x18,5cm.  Contenido: portavelas+vela","og_url":"https:\/\/lebrac.es\/textil\/comprar\/casa-decoracion\/portavelas-ceramica-y-cristal\/","og_site_name":"Lebrac","article_modified_time":"2021-01-29T17:45:23+00:00","og_image":[{"width":690,"height":1165,"url":"https:\/\/lebrac.es\/textil\/wp-content\/uploads\/2019\/06\/img_20190613_151948.jpg","type":"image\/jpeg"}],"twitter_card":"summary_large_image","schema":{"@context":"https:\/\/schema.org","@graph":[{"@type":"WebPage","@id":"https:\/\/lebrac.es\/textil\/comprar\/casa-decoracion\/portavelas-ceramica-y-cristal\/","url":"https:\/\/lebrac.es\/textil\/comprar\/casa-decoracion\/portavelas-ceramica-y-cristal\/","name":"Portavelas cer\u00e1mica y cristal - Lebrac","isPartOf":{"@id":"https:\/\/lebrac.es\/textil\/#website"},"datePublished":"2019-06-13T13:31:17+00:00","dateModified":"2021-01-29T17:45:23+00:00","breadcrumb":{"@id":"https:\/\/lebrac.es\/textil\/comprar\/casa-decoracion\/portavelas-ceramica-y-cristal\/#breadcrumb"},"inLanguage":"es","potentialAction":[{"@type":"ReadAction","target":["https:\/\/lebrac.es\/textil\/comprar\/casa-decoracion\/portavelas-ceramica-y-cristal\/"]}]},{"@type":"BreadcrumbList","@id":"https:\/\/lebrac.es\/textil\/comprar\/casa-decoracion\/portavelas-ceramica-y-cristal\/#breadcrumb","itemListElement":[{"@type":"ListItem","position":1,"name":"Portada","item":"https:\/\/lebrac.es\/textil\/"},{"@type":"ListItem","position":2,"name":"Tienda","item":"https:\/\/lebrac.es\/textil\/tienda\/"},{"@type":"ListItem","position":3,"name":"Portavelas cer\u00e1mica y cristal"}]},{"@type":"WebSite","@id":"https:\/\/lebrac.es\/textil\/#website","url":"https:\/\/lebrac.es\/textil\/","name":"Lebrac","description":"Personalizaci\u00f3n textil, Bordados, campa\u00f1as publicitarias","potentialAction":[{"@type":"SearchAction","target":{"@type":"EntryPoint","urlTemplate":"https:\/\/lebrac.es\/textil\/?s={search_term_string}"},"query-input":"required name=search_term_string"}],"inLanguage":"es"}]}},"jetpack_sharing_enabled":true,"_links":{"self":[{"href":"https:\/\/lebrac.es\/textil\/wp-json\/wp\/v2\/product\/18014"}],"collection":[{"href":"https:\/\/lebrac.es\/textil\/wp-json\/wp\/v2\/product"}],"about":[{"href":"https:\/\/lebrac.es\/textil\/wp-json\/wp\/v2\/types\/product"}],"replies":[{"embeddable":true,"href":"https:\/\/lebrac.es\/textil\/wp-json\/wp\/v2\/comments?post=18014"}],"wp:featuredmedia":[{"embeddable":true,"href":"https:\/\/lebrac.es\/textil\/wp-json\/wp\/v2\/media\/18015"}],"wp:attachment":[{"href":"https:\/\/lebrac.es\/textil\/wp-json\/wp\/v2\/media?parent=18014"}],"wp:term":[{"taxonomy":"product_cat","embeddable":true,"href":"https:\/\/lebrac.es\/textil\/wp-json\/wp\/v2\/product_cat?post=18014"},{"taxonomy":"product_tag","embeddable":true,"href":"https:\/\/lebrac.es\/textil\/wp-json\/wp\/v2\/product_tag?post=18014"}],"curies":[{"name":"wp","href":"https:\/\/api.w.org\/{rel}","templated":true}]}}

Portavelas cerámica y cristal

<p>Portavelas en cerámica y cristal.</p>
<p>Opciones a elegir: color de la polipiel, texto a bordar y color del texto.</p>
<p>Medidas: 11&#215;18,5cm.</p>
<p>Contenido:</p>
<p>Portavelas 11&#215;18,5cm.</p>
<p>Vela 6x10cm.</p>
<p>Letra Normal:</p>
<p><img decoding="async" loading="lazy" class="alignnone size-full wp-image-193" src="https://i0.wp.com/lebrac.es/textil/wp-content/uploads/2018/07/tipos-de-letra-para-bordados-natalia.jpg?resize=900%2C514&#038;ssl=1" alt="tipos de letra para bordados natalia" width="900" height="514" srcset="https://i0.wp.com/lebrac.es/textil/wp-content/uploads/2018/07/tipos-de-letra-para-bordados-natalia.jpg?w=900&amp;ssl=1 900w, https://i0.wp.com/lebrac.es/textil/wp-content/uploads/2018/07/tipos-de-letra-para-bordados-natalia.jpg?resize=300%2C171&amp;ssl=1 300w, https://i0.wp.com/lebrac.es/textil/wp-content/uploads/2018/07/tipos-de-letra-para-bordados-natalia.jpg?resize=768%2C439&amp;ssl=1 768w" sizes="(max-width: 900px) 100vw, 900px" data-recalc-dims="1" /></p>

<p>Porta Velas con base de cerámica blanca y cristal. Tamaño 11&#215;18,5cm.</p>
<p>Incluye vela de tamaño 6x10cm.</p>
<p>Para las noches de verano, terrazas, jardines, porches, &#8230;</p>
<p><strong>Personalízalo</strong> con tus iniciales bordadas en <strong>Monogram Clásico o Recto </strong>en dos tonos complementarios (foto principal de producto, polipiel blanco y letras color gris oscuro).</p>
<p>Ideal como regalo de agradecimiento, aniversario, cumpleaños o un detalle único para tu casa.</p>
<p>Tamaño 11&#215;18,5cm.</p>
<p>Contenido: portavelas+vela</p>

<!-- This site is optimized with the Yoast SEO plugin v20.7 - https://yoast.com/wordpress/plugins/seo/ -->
<title>Portavelas cerámica y cristal - Lebrac</title>
<meta name="robots" content="index, follow, max-snippet:-1, max-image-preview:large, max-video-preview:-1" />
<link rel="canonical" href="https://lebrac.es/textil/comprar/casa-decoracion/portavelas-ceramica-y-cristal/" />
<meta property="og:locale" content="es_ES" />
<meta property="og:type" content="article" />
<meta property="og:title" content="Portavelas cerámica y cristal - Lebrac" />
<meta property="og:description" content="Porta Velas con base de cerámica blanca y cristal. Tamaño 11x18,5cm.  Incluye vela de tamaño 6x10cm.  Para las noches de verano, terrazas, jardines, porches, ...  Personalízalo con tus iniciales bordadas en Monogram Clásico o Recto en dos tonos complementarios (foto principal de producto, polipiel blanco y letras color gris oscuro).  Ideal como regalo de agradecimiento, aniversario, cumpleaños o un detalle único para tu casa.  Tamaño 11x18,5cm.  Contenido: portavelas+vela" />
<meta property="og:url" content="https://lebrac.es/textil/comprar/casa-decoracion/portavelas-ceramica-y-cristal/" />
<meta property="og:site_name" content="Lebrac" />
<meta property="article:modified_time" content="2021-01-29T17:45:23+00:00" />
<meta property="og:image" content="https://lebrac.es/textil/wp-content/uploads/2019/06/img_20190613_151948.jpg" />
	<meta property="og:image:width" content="690" />
	<meta property="og:image:height" content="1165" />
	<meta property="og:image:type" content="image/jpeg" />
<meta name="twitter:card" content="summary_large_image" />
<script type="application/ld+json" class="yoast-schema-graph">{"@context":"https://schema.org","@graph":[{"@type":"WebPage","@id":"https://lebrac.es/textil/comprar/casa-decoracion/portavelas-ceramica-y-cristal/","url":"https://lebrac.es/textil/comprar/casa-decoracion/portavelas-ceramica-y-cristal/","name":"Portavelas cerámica y cristal - Lebrac","isPartOf":{"@id":"https://lebrac.es/textil/#website"},"datePublished":"2019-06-13T13:31:17+00:00","dateModified":"2021-01-29T17:45:23+00:00","breadcrumb":{"@id":"https://lebrac.es/textil/comprar/casa-decoracion/portavelas-ceramica-y-cristal/#breadcrumb"},"inLanguage":"es","potentialAction":[{"@type":"ReadAction","target":["https://lebrac.es/textil/comprar/casa-decoracion/portavelas-ceramica-y-cristal/"]}]},{"@type":"BreadcrumbList","@id":"https://lebrac.es/textil/comprar/casa-decoracion/portavelas-ceramica-y-cristal/#breadcrumb","itemListElement":[{"@type":"ListItem","position":1,"name":"Portada","item":"https://lebrac.es/textil/"},{"@type":"ListItem","position":2,"name":"Tienda","item":"https://lebrac.es/textil/tienda/"},{"@type":"ListItem","position":3,"name":"Portavelas cerámica y cristal"}]},{"@type":"WebSite","@id":"https://lebrac.es/textil/#website","url":"https://lebrac.es/textil/","name":"Lebrac","description":"Personalización textil, Bordados, campañas publicitarias","potentialAction":[{"@type":"SearchAction","target":{"@type":"EntryPoint","urlTemplate":"https://lebrac.es/textil/?s={search_term_string}"},"query-input":"required name=search_term_string"}],"inLanguage":"es"}]}</script>
<!-- / Yoast SEO plugin. -->

Portavelas cerámica y cristal - Lebrac

Porta Velas con base de cerámica blanca y cristal. Tamaño 11x18,5cm.  Incluye vela de tamaño 6x10cm.  Para las noches de verano, terrazas, jardines, porches, ...  Personalízalo con tus iniciales bordadas en Monogram Clásico o Recto en dos tonos complementarios (foto principal de producto, polipiel blanco y letras color gris oscuro).  Ideal como regalo de agradecimiento, aniversario, cumpleaños o un detalle único para tu casa.  Tamaño 11x18,5cm.  Contenido: portavelas+vela

Personalización textil, Bordados, campañas publicitarias
