{"id":15606,"date":"2019-01-30T18:37:15","date_gmt":"2019-01-30T18:37:15","guid":{"rendered":"https:\/\/lebrac.es\/textil\/?post_type=product&#038;p=15606"},"modified":"2022-10-20T07:23:07","modified_gmt":"2022-10-20T07:23:07","slug":"paraguas-bandera-de-espana","status":"publish","type":"product","link":"https:\/\/lebrac.es\/textil\/comprar\/hombre\/paraguas-bandera-de-espana\/","title":{"rendered":"Paraguas bandera de Espa\u00f1a"},"content":{"rendered":"<p>Paneles 100% poliester.<\/p>\n<p>Empu\u00f1adura: madera flameado.<\/p>\n<p>Mango: acero.<\/p>\n<p>Apertura autom\u00e1tica.<\/p>\n<p>Varillas cromadas reforzadas con fibra de vidrio.<\/p>\n<p>Bast\u00f3n de acero cromado.<\/p>\n<p>Mango curvo.<\/p>\n<p>Dise\u00f1o especial de paraguas con 10 paneles.<\/p>\n<p>&nbsp;<\/p>\n","protected":false},"excerpt":{"rendered":"<p>Paraguas unisex NEGRO de apertura autom\u00e1tica con la bandera de Espa\u00f1a en el cierre. Regalazo!<\/p>\n<p>Despu\u00e9s de muchos pedidos, por fin ya lo tenemos en stock todo el a\u00f1o.<\/p>\n<p>Diametro: 107cm.<\/p>\n<p>Longitud: 88cm.<\/p>\n","protected":false},"featured_media":15607,"comment_status":"open","ping_status":"closed","template":"","meta":{"_monsterinsights_skip_tracking":false,"_monsterinsights_sitenote_active":false,"_monsterinsights_sitenote_note":"","_monsterinsights_sitenote_category":0,"jetpack_post_was_ever_published":false,"jetpack_publicize_message":"","jetpack_is_tweetstorm":false,"jetpack_publicize_feature_enabled":true,"jetpack_social_post_already_shared":true,"jetpack_social_options":{"image_generator_settings":{"template":"highway","enabled":false}}},"product_cat":[33,15],"product_tag":[70,69,67,68,66],"jetpack_publicize_connections":[],"yoast_head":"<!-- This site is optimized with the Yoast SEO plugin v20.7 - https:\/\/yoast.com\/wordpress\/plugins\/seo\/ -->\n<title>Paraguas bandera de Espa\u00f1a - Lebrac<\/title>\n<meta name=\"robots\" content=\"index, follow, max-snippet:-1, max-image-preview:large, max-video-preview:-1\" \/>\n<link rel=\"canonical\" href=\"https:\/\/lebrac.es\/textil\/comprar\/hombre\/paraguas-bandera-de-espana\/\" \/>\n<meta property=\"og:locale\" content=\"es_ES\" \/>\n<meta property=\"og:type\" content=\"article\" \/>\n<meta property=\"og:title\" content=\"Paraguas bandera de Espa\u00f1a - Lebrac\" \/>\n<meta property=\"og:description\" content=\"Paraguas unisex NEGRO de apertura autom\u00e1tica con la bandera de Espa\u00f1a en el cierre. Regalazo!  Despu\u00e9s de muchos pedidos, por fin ya lo tenemos en stock todo el a\u00f1o.  Diametro: 107cm.  Longitud: 88cm.\" \/>\n<meta property=\"og:url\" content=\"https:\/\/lebrac.es\/textil\/comprar\/hombre\/paraguas-bandera-de-espana\/\" \/>\n<meta property=\"og:site_name\" content=\"Lebrac\" \/>\n<meta property=\"article:modified_time\" content=\"2022-10-20T07:23:07+00:00\" \/>\n<meta property=\"og:image\" content=\"https:\/\/lebrac.es\/textil\/wp-content\/uploads\/2019\/01\/img_20190130_193038.png\" \/>\n\t<meta property=\"og:image:width\" content=\"1032\" \/>\n\t<meta property=\"og:image:height\" content=\"848\" \/>\n\t<meta property=\"og:image:type\" content=\"image\/png\" \/>\n<meta name=\"twitter:card\" content=\"summary_large_image\" \/>\n<script type=\"application\/ld+json\" class=\"yoast-schema-graph\">{\"@context\":\"https:\/\/schema.org\",\"@graph\":[{\"@type\":\"WebPage\",\"@id\":\"https:\/\/lebrac.es\/textil\/comprar\/hombre\/paraguas-bandera-de-espana\/\",\"url\":\"https:\/\/lebrac.es\/textil\/comprar\/hombre\/paraguas-bandera-de-espana\/\",\"name\":\"Paraguas bandera de Espa\u00f1a - Lebrac\",\"isPartOf\":{\"@id\":\"https:\/\/lebrac.es\/textil\/#website\"},\"datePublished\":\"2019-01-30T18:37:15+00:00\",\"dateModified\":\"2022-10-20T07:23:07+00:00\",\"breadcrumb\":{\"@id\":\"https:\/\/lebrac.es\/textil\/comprar\/hombre\/paraguas-bandera-de-espana\/#breadcrumb\"},\"inLanguage\":\"es\",\"potentialAction\":[{\"@type\":\"ReadAction\",\"target\":[\"https:\/\/lebrac.es\/textil\/comprar\/hombre\/paraguas-bandera-de-espana\/\"]}]},{\"@type\":\"BreadcrumbList\",\"@id\":\"https:\/\/lebrac.es\/textil\/comprar\/hombre\/paraguas-bandera-de-espana\/#breadcrumb\",\"itemListElement\":[{\"@type\":\"ListItem\",\"position\":1,\"name\":\"Portada\",\"item\":\"https:\/\/lebrac.es\/textil\/\"},{\"@type\":\"ListItem\",\"position\":2,\"name\":\"Tienda\",\"item\":\"https:\/\/lebrac.es\/textil\/tienda\/\"},{\"@type\":\"ListItem\",\"position\":3,\"name\":\"Paraguas bandera de Espa\u00f1a\"}]},{\"@type\":\"WebSite\",\"@id\":\"https:\/\/lebrac.es\/textil\/#website\",\"url\":\"https:\/\/lebrac.es\/textil\/\",\"name\":\"Lebrac\",\"description\":\"Personalizaci\u00f3n textil, Bordados, campa\u00f1as publicitarias\",\"potentialAction\":[{\"@type\":\"SearchAction\",\"target\":{\"@type\":\"EntryPoint\",\"urlTemplate\":\"https:\/\/lebrac.es\/textil\/?s={search_term_string}\"},\"query-input\":\"required name=search_term_string\"}],\"inLanguage\":\"es\"}]}<\/script>\n<!-- \/ Yoast SEO plugin. -->","yoast_head_json":{"title":"Paraguas bandera de Espa\u00f1a - Lebrac","robots":{"index":"index","follow":"follow","max-snippet":"max-snippet:-1","max-image-preview":"max-image-preview:large","max-video-preview":"max-video-preview:-1"},"canonical":"https:\/\/lebrac.es\/textil\/comprar\/hombre\/paraguas-bandera-de-espana\/","og_locale":"es_ES","og_type":"article","og_title":"Paraguas bandera de Espa\u00f1a - Lebrac","og_description":"Paraguas unisex NEGRO de apertura autom\u00e1tica con la bandera de Espa\u00f1a en el cierre. Regalazo!  Despu\u00e9s de muchos pedidos, por fin ya lo tenemos en stock todo el a\u00f1o.  Diametro: 107cm.  Longitud: 88cm.","og_url":"https:\/\/lebrac.es\/textil\/comprar\/hombre\/paraguas-bandera-de-espana\/","og_site_name":"Lebrac","article_modified_time":"2022-10-20T07:23:07+00:00","og_image":[{"width":1032,"height":848,"url":"https:\/\/lebrac.es\/textil\/wp-content\/uploads\/2019\/01\/img_20190130_193038.png","type":"image\/png"}],"twitter_card":"summary_large_image","schema":{"@context":"https:\/\/schema.org","@graph":[{"@type":"WebPage","@id":"https:\/\/lebrac.es\/textil\/comprar\/hombre\/paraguas-bandera-de-espana\/","url":"https:\/\/lebrac.es\/textil\/comprar\/hombre\/paraguas-bandera-de-espana\/","name":"Paraguas bandera de Espa\u00f1a - Lebrac","isPartOf":{"@id":"https:\/\/lebrac.es\/textil\/#website"},"datePublished":"2019-01-30T18:37:15+00:00","dateModified":"2022-10-20T07:23:07+00:00","breadcrumb":{"@id":"https:\/\/lebrac.es\/textil\/comprar\/hombre\/paraguas-bandera-de-espana\/#breadcrumb"},"inLanguage":"es","potentialAction":[{"@type":"ReadAction","target":["https:\/\/lebrac.es\/textil\/comprar\/hombre\/paraguas-bandera-de-espana\/"]}]},{"@type":"BreadcrumbList","@id":"https:\/\/lebrac.es\/textil\/comprar\/hombre\/paraguas-bandera-de-espana\/#breadcrumb","itemListElement":[{"@type":"ListItem","position":1,"name":"Portada","item":"https:\/\/lebrac.es\/textil\/"},{"@type":"ListItem","position":2,"name":"Tienda","item":"https:\/\/lebrac.es\/textil\/tienda\/"},{"@type":"ListItem","position":3,"name":"Paraguas bandera de Espa\u00f1a"}]},{"@type":"WebSite","@id":"https:\/\/lebrac.es\/textil\/#website","url":"https:\/\/lebrac.es\/textil\/","name":"Lebrac","description":"Personalizaci\u00f3n textil, Bordados, campa\u00f1as publicitarias","potentialAction":[{"@type":"SearchAction","target":{"@type":"EntryPoint","urlTemplate":"https:\/\/lebrac.es\/textil\/?s={search_term_string}"},"query-input":"required name=search_term_string"}],"inLanguage":"es"}]}},"jetpack_sharing_enabled":true,"_links":{"self":[{"href":"https:\/\/lebrac.es\/textil\/wp-json\/wp\/v2\/product\/15606"}],"collection":[{"href":"https:\/\/lebrac.es\/textil\/wp-json\/wp\/v2\/product"}],"about":[{"href":"https:\/\/lebrac.es\/textil\/wp-json\/wp\/v2\/types\/product"}],"replies":[{"embeddable":true,"href":"https:\/\/lebrac.es\/textil\/wp-json\/wp\/v2\/comments?post=15606"}],"wp:featuredmedia":[{"embeddable":true,"href":"https:\/\/lebrac.es\/textil\/wp-json\/wp\/v2\/media\/15607"}],"wp:attachment":[{"href":"https:\/\/lebrac.es\/textil\/wp-json\/wp\/v2\/media?parent=15606"}],"wp:term":[{"taxonomy":"product_cat","embeddable":true,"href":"https:\/\/lebrac.es\/textil\/wp-json\/wp\/v2\/product_cat?post=15606"},{"taxonomy":"product_tag","embeddable":true,"href":"https:\/\/lebrac.es\/textil\/wp-json\/wp\/v2\/product_tag?post=15606"}],"curies":[{"name":"wp","href":"https:\/\/api.w.org\/{rel}","templated":true}]}}