{"id":18418,"date":"2020-02-12T13:22:39","date_gmt":"2020-02-12T13:22:39","guid":{"rendered":"https:\/\/lebrac.es\/textil\/?page_id=18418"},"modified":"2020-02-18T08:45:04","modified_gmt":"2020-02-18T08:45:04","slug":"quienes-somos","status":"publish","type":"page","link":"https:\/\/lebrac.es\/textil\/quienes-somos\/","title":{"rendered":"Qui\u00e9nes somos"},"content":{"rendered":"<section class=\"wpb-content-wrapper\">[vc_row][vc_column width=\u00bb1\/3&#8243;][mk_image src=\u00bbhttps:\/\/lebrac.es\/textil\/wp-content\/uploads\/2020\/02\/lebrac-quienes-somos.jpg\u00bb image_size=\u00bbfull\u00bb][\/vc_column][vc_column width=\u00bb2\/3&#8243;][vc_column_text css=\u00bb.vc_custom_1582015500553{margin-bottom: 0px !important;}\u00bb]\n<p class=\"vc_custom_heading\"><strong>Lebrac Dise\u00f1o<\/strong> fue fundada por Carmen C\u00f3rdova, Licenciada en Farmacia y MBA por el Instituto de Empresa que decidi\u00f3 dar un giro a su carrera despu\u00e9s de trabajar en varios sectores tan distintos como el farmac\u00e9utico, el de formaci\u00f3n de executive-Ed y empresa familiar de gesti\u00f3n de Patrimonios. Comenz\u00f3 con una aventura que hab\u00eda sido siempre su pasi\u00f3n: el dise\u00f1o, la personalizaci\u00f3n y los bordados.<\/p>\n<p class=\"vc_custom_heading\"><strong>Lebrac<\/strong> personaliza producto propio para convertirlo en \u00fanico, desde una unidad hasta grandes producciones.<\/p>\n<p class=\"vc_custom_heading\">El proceso se realiza \u00edntegro en <strong>Lebrac<\/strong>, presupuesto, dise\u00f1o, muestras y bordado. No hay intermediarios.<\/p>\n<p class=\"vc_custom_heading\">El dise\u00f1o, la calidad y el compromiso es nuestro lema.<\/p>\n<p class=\"vc_custom_heading\">Los productos que se ofrecen siempre est\u00e1n a la vanguardia de dise\u00f1o y marcando tendencias.<\/p>\n<p>Si quieres saber m\u00e1s sobre Lebrac o tienes alguna duda consulta las <strong><a href=\"https:\/\/lebrac.es\/textil\/preguntas-frecuentes\/\">preguntas frecuentes<\/a><\/strong>.[\/vc_column_text][\/vc_column][\/vc_row]\n<\/section>","protected":false},"excerpt":{"rendered":"<p>[vc_row][vc_column width=\u00bb1\/3&#8243;][mk_image src=\u00bbhttps:\/\/lebrac.es\/textil\/wp-content\/uploads\/2020\/02\/lebrac-quienes-somos.jpg\u00bb image_size=\u00bbfull\u00bb][\/vc_column][vc_column width=\u00bb2\/3&#8243;][vc_column_text css=\u00bb.vc_custom_1582015500553{margin-bottom: 0px !important;}\u00bb] Lebrac Dise\u00f1o fue fundada por Carmen C\u00f3rdova, Licenciada en Farmacia y MBA por el Instituto de Empresa que decidi\u00f3 dar un giro a su carrera despu\u00e9s de trabajar en varios sectores tan distintos como el farmac\u00e9utico, el de formaci\u00f3n de executive-Ed y empresa familiar de gesti\u00f3n de [&hellip;]<\/p>\n","protected":false},"author":1,"featured_media":0,"parent":0,"menu_order":0,"comment_status":"closed","ping_status":"closed","template":"","meta":{"_monsterinsights_skip_tracking":false,"_monsterinsights_sitenote_active":false,"_monsterinsights_sitenote_note":"","_monsterinsights_sitenote_category":0,"jetpack_post_was_ever_published":false},"yoast_head":"<!-- This site is optimized with the Yoast SEO plugin v20.7 - https:\/\/yoast.com\/wordpress\/plugins\/seo\/ -->\n<title>Qui\u00e9nes somos - Lebrac<\/title>\n<meta name=\"robots\" content=\"index, follow, max-snippet:-1, max-image-preview:large, max-video-preview:-1\" \/>\n<link rel=\"canonical\" href=\"https:\/\/lebrac.es\/textil\/quienes-somos\/\" \/>\n<meta property=\"og:locale\" content=\"es_ES\" \/>\n<meta property=\"og:type\" content=\"article\" \/>\n<meta property=\"og:title\" content=\"Qui\u00e9nes somos - Lebrac\" \/>\n<meta property=\"og:description\" content=\"[vc_row][vc_column width=\u00bb1\/3&#8243;][mk_image src=\u00bbhttps:\/\/lebrac.es\/textil\/wp-content\/uploads\/2020\/02\/lebrac-quienes-somos.jpg\u00bb image_size=\u00bbfull\u00bb][\/vc_column][vc_column width=\u00bb2\/3&#8243;][vc_column_text css=\u00bb.vc_custom_1582015500553{margin-bottom: 0px !important;}\u00bb] Lebrac Dise\u00f1o fue fundada por Carmen C\u00f3rdova, Licenciada en Farmacia y MBA por el Instituto de Empresa que decidi\u00f3 dar un giro a su carrera despu\u00e9s de trabajar en varios sectores tan distintos como el farmac\u00e9utico, el de formaci\u00f3n de executive-Ed y empresa familiar de gesti\u00f3n de [&hellip;]\" \/>\n<meta property=\"og:url\" content=\"https:\/\/lebrac.es\/textil\/quienes-somos\/\" \/>\n<meta property=\"og:site_name\" content=\"Lebrac\" \/>\n<meta property=\"article:modified_time\" content=\"2020-02-18T08:45:04+00:00\" \/>\n<meta name=\"twitter:card\" content=\"summary_large_image\" \/>\n<meta name=\"twitter:label1\" content=\"Tiempo de lectura\" \/>\n\t<meta name=\"twitter:data1\" content=\"1 minuto\" \/>\n<script type=\"application\/ld+json\" class=\"yoast-schema-graph\">{\"@context\":\"https:\/\/schema.org\",\"@graph\":[{\"@type\":\"WebPage\",\"@id\":\"https:\/\/lebrac.es\/textil\/quienes-somos\/\",\"url\":\"https:\/\/lebrac.es\/textil\/quienes-somos\/\",\"name\":\"Qui\u00e9nes somos - Lebrac\",\"isPartOf\":{\"@id\":\"https:\/\/lebrac.es\/textil\/#website\"},\"datePublished\":\"2020-02-12T13:22:39+00:00\",\"dateModified\":\"2020-02-18T08:45:04+00:00\",\"breadcrumb\":{\"@id\":\"https:\/\/lebrac.es\/textil\/quienes-somos\/#breadcrumb\"},\"inLanguage\":\"es\",\"potentialAction\":[{\"@type\":\"ReadAction\",\"target\":[\"https:\/\/lebrac.es\/textil\/quienes-somos\/\"]}]},{\"@type\":\"BreadcrumbList\",\"@id\":\"https:\/\/lebrac.es\/textil\/quienes-somos\/#breadcrumb\",\"itemListElement\":[{\"@type\":\"ListItem\",\"position\":1,\"name\":\"Portada\",\"item\":\"https:\/\/lebrac.es\/textil\/\"},{\"@type\":\"ListItem\",\"position\":2,\"name\":\"Qui\u00e9nes somos\"}]},{\"@type\":\"WebSite\",\"@id\":\"https:\/\/lebrac.es\/textil\/#website\",\"url\":\"https:\/\/lebrac.es\/textil\/\",\"name\":\"Lebrac\",\"description\":\"Personalizaci\u00f3n textil, Bordados, campa\u00f1as publicitarias\",\"potentialAction\":[{\"@type\":\"SearchAction\",\"target\":{\"@type\":\"EntryPoint\",\"urlTemplate\":\"https:\/\/lebrac.es\/textil\/?s={search_term_string}\"},\"query-input\":\"required name=search_term_string\"}],\"inLanguage\":\"es\"}]}<\/script>\n<!-- \/ Yoast SEO plugin. -->","yoast_head_json":{"title":"Qui\u00e9nes somos - Lebrac","robots":{"index":"index","follow":"follow","max-snippet":"max-snippet:-1","max-image-preview":"max-image-preview:large","max-video-preview":"max-video-preview:-1"},"canonical":"https:\/\/lebrac.es\/textil\/quienes-somos\/","og_locale":"es_ES","og_type":"article","og_title":"Qui\u00e9nes somos - Lebrac","og_description":"[vc_row][vc_column width=\u00bb1\/3&#8243;][mk_image src=\u00bbhttps:\/\/lebrac.es\/textil\/wp-content\/uploads\/2020\/02\/lebrac-quienes-somos.jpg\u00bb image_size=\u00bbfull\u00bb][\/vc_column][vc_column width=\u00bb2\/3&#8243;][vc_column_text css=\u00bb.vc_custom_1582015500553{margin-bottom: 0px !important;}\u00bb] Lebrac Dise\u00f1o fue fundada por Carmen C\u00f3rdova, Licenciada en Farmacia y MBA por el Instituto de Empresa que decidi\u00f3 dar un giro a su carrera despu\u00e9s de trabajar en varios sectores tan distintos como el farmac\u00e9utico, el de formaci\u00f3n de executive-Ed y empresa familiar de gesti\u00f3n de [&hellip;]","og_url":"https:\/\/lebrac.es\/textil\/quienes-somos\/","og_site_name":"Lebrac","article_modified_time":"2020-02-18T08:45:04+00:00","twitter_card":"summary_large_image","twitter_misc":{"Tiempo de lectura":"1 minuto"},"schema":{"@context":"https:\/\/schema.org","@graph":[{"@type":"WebPage","@id":"https:\/\/lebrac.es\/textil\/quienes-somos\/","url":"https:\/\/lebrac.es\/textil\/quienes-somos\/","name":"Qui\u00e9nes somos - Lebrac","isPartOf":{"@id":"https:\/\/lebrac.es\/textil\/#website"},"datePublished":"2020-02-12T13:22:39+00:00","dateModified":"2020-02-18T08:45:04+00:00","breadcrumb":{"@id":"https:\/\/lebrac.es\/textil\/quienes-somos\/#breadcrumb"},"inLanguage":"es","potentialAction":[{"@type":"ReadAction","target":["https:\/\/lebrac.es\/textil\/quienes-somos\/"]}]},{"@type":"BreadcrumbList","@id":"https:\/\/lebrac.es\/textil\/quienes-somos\/#breadcrumb","itemListElement":[{"@type":"ListItem","position":1,"name":"Portada","item":"https:\/\/lebrac.es\/textil\/"},{"@type":"ListItem","position":2,"name":"Qui\u00e9nes somos"}]},{"@type":"WebSite","@id":"https:\/\/lebrac.es\/textil\/#website","url":"https:\/\/lebrac.es\/textil\/","name":"Lebrac","description":"Personalizaci\u00f3n textil, Bordados, campa\u00f1as publicitarias","potentialAction":[{"@type":"SearchAction","target":{"@type":"EntryPoint","urlTemplate":"https:\/\/lebrac.es\/textil\/?s={search_term_string}"},"query-input":"required name=search_term_string"}],"inLanguage":"es"}]}},"jetpack_sharing_enabled":true,"jetpack_shortlink":"https:\/\/wp.me\/PacCca-4N4","_links":{"self":[{"href":"https:\/\/lebrac.es\/textil\/wp-json\/wp\/v2\/pages\/18418"}],"collection":[{"href":"https:\/\/lebrac.es\/textil\/wp-json\/wp\/v2\/pages"}],"about":[{"href":"https:\/\/lebrac.es\/textil\/wp-json\/wp\/v2\/types\/page"}],"author":[{"embeddable":true,"href":"https:\/\/lebrac.es\/textil\/wp-json\/wp\/v2\/users\/1"}],"replies":[{"embeddable":true,"href":"https:\/\/lebrac.es\/textil\/wp-json\/wp\/v2\/comments?post=18418"}],"version-history":[{"count":11,"href":"https:\/\/lebrac.es\/textil\/wp-json\/wp\/v2\/pages\/18418\/revisions"}],"predecessor-version":[{"id":18438,"href":"https:\/\/lebrac.es\/textil\/wp-json\/wp\/v2\/pages\/18418\/revisions\/18438"}],"wp:attachment":[{"href":"https:\/\/lebrac.es\/textil\/wp-json\/wp\/v2\/media?parent=18418"}],"curies":[{"name":"wp","href":"https:\/\/api.w.org\/{rel}","templated":true}]}}

Quiénes somos

<section class="wpb-content-wrapper">[vc_row][vc_column width=»1/3&#8243;][mk_image src=»https://lebrac.es/textil/wp-content/uploads/2020/02/lebrac-quienes-somos.jpg» image_size=»full»][/vc_column][vc_column width=»2/3&#8243;][vc_column_text css=».vc_custom_1582015500553{margin-bottom: 0px !important;}»]
<p class="vc_custom_heading"><strong>Lebrac Diseño</strong> fue fundada por Carmen Córdova, Licenciada en Farmacia y MBA por el Instituto de Empresa que decidió dar un giro a su carrera después de trabajar en varios sectores tan distintos como el farmacéutico, el de formación de executive-Ed y empresa familiar de gestión de Patrimonios. Comenzó con una aventura que había sido siempre su pasión: el diseño, la personalización y los bordados.</p>
<p class="vc_custom_heading"><strong>Lebrac</strong> personaliza producto propio para convertirlo en único, desde una unidad hasta grandes producciones.</p>
<p class="vc_custom_heading">El proceso se realiza íntegro en <strong>Lebrac</strong>, presupuesto, diseño, muestras y bordado. No hay intermediarios.</p>
<p class="vc_custom_heading">El diseño, la calidad y el compromiso es nuestro lema.</p>
<p class="vc_custom_heading">Los productos que se ofrecen siempre están a la vanguardia de diseño y marcando tendencias.</p>
<p>Si quieres saber más sobre Lebrac o tienes alguna duda consulta las <strong><a href="https://lebrac.es/textil/preguntas-frecuentes/">preguntas frecuentes</a></strong>.[/vc_column_text][/vc_column][/vc_row]
</section>

<p>[vc_row][vc_column width=»1/3&#8243;][mk_image src=»https://lebrac.es/textil/wp-content/uploads/2020/02/lebrac-quienes-somos.jpg» image_size=»full»][/vc_column][vc_column width=»2/3&#8243;][vc_column_text css=».vc_custom_1582015500553{margin-bottom: 0px !important;}»] Lebrac Diseño fue fundada por Carmen Córdova, Licenciada en Farmacia y MBA por el Instituto de Empresa que decidió dar un giro a su carrera después de trabajar en varios sectores tan distintos como el farmacéutico, el de formación de executive-Ed y empresa familiar de gestión de [&hellip;]</p>

<!-- This site is optimized with the Yoast SEO plugin v20.7 - https://yoast.com/wordpress/plugins/seo/ -->
<title>Quiénes somos - Lebrac</title>
<meta name="robots" content="index, follow, max-snippet:-1, max-image-preview:large, max-video-preview:-1" />
<link rel="canonical" href="https://lebrac.es/textil/quienes-somos/" />
<meta property="og:locale" content="es_ES" />
<meta property="og:type" content="article" />
<meta property="og:title" content="Quiénes somos - Lebrac" />
<meta property="og:description" content="[vc_row][vc_column width=»1/3&#8243;][mk_image src=»https://lebrac.es/textil/wp-content/uploads/2020/02/lebrac-quienes-somos.jpg» image_size=»full»][/vc_column][vc_column width=»2/3&#8243;][vc_column_text css=».vc_custom_1582015500553{margin-bottom: 0px !important;}»] Lebrac Diseño fue fundada por Carmen Córdova, Licenciada en Farmacia y MBA por el Instituto de Empresa que decidió dar un giro a su carrera después de trabajar en varios sectores tan distintos como el farmacéutico, el de formación de executive-Ed y empresa familiar de gestión de [&hellip;]" />
<meta property="og:url" content="https://lebrac.es/textil/quienes-somos/" />
<meta property="og:site_name" content="Lebrac" />
<meta property="article:modified_time" content="2020-02-18T08:45:04+00:00" />
<meta name="twitter:card" content="summary_large_image" />
<meta name="twitter:label1" content="Tiempo de lectura" />
	<meta name="twitter:data1" content="1 minuto" />
<script type="application/ld+json" class="yoast-schema-graph">{"@context":"https://schema.org","@graph":[{"@type":"WebPage","@id":"https://lebrac.es/textil/quienes-somos/","url":"https://lebrac.es/textil/quienes-somos/","name":"Quiénes somos - Lebrac","isPartOf":{"@id":"https://lebrac.es/textil/#website"},"datePublished":"2020-02-12T13:22:39+00:00","dateModified":"2020-02-18T08:45:04+00:00","breadcrumb":{"@id":"https://lebrac.es/textil/quienes-somos/#breadcrumb"},"inLanguage":"es","potentialAction":[{"@type":"ReadAction","target":["https://lebrac.es/textil/quienes-somos/"]}]},{"@type":"BreadcrumbList","@id":"https://lebrac.es/textil/quienes-somos/#breadcrumb","itemListElement":[{"@type":"ListItem","position":1,"name":"Portada","item":"https://lebrac.es/textil/"},{"@type":"ListItem","position":2,"name":"Quiénes somos"}]},{"@type":"WebSite","@id":"https://lebrac.es/textil/#website","url":"https://lebrac.es/textil/","name":"Lebrac","description":"Personalización textil, Bordados, campañas publicitarias","potentialAction":[{"@type":"SearchAction","target":{"@type":"EntryPoint","urlTemplate":"https://lebrac.es/textil/?s={search_term_string}"},"query-input":"required name=search_term_string"}],"inLanguage":"es"}]}</script>
<!-- / Yoast SEO plugin. -->

Quiénes somos - Lebrac

[vc_row][vc_column width=»1/3&#8243;][mk_image src=»https://lebrac.es/textil/wp-content/uploads/2020/02/lebrac-quienes-somos.jpg» image_size=»full»][/vc_column][vc_column width=»2/3&#8243;][vc_column_text css=».vc_custom_1582015500553{margin-bottom: 0px !important;}»] Lebrac Diseño fue fundada por Carmen Córdova, Licenciada en Farmacia y MBA por el Instituto de Empresa que decidió dar un giro a su carrera después de trabajar en varios sectores tan distintos como el farmacéutico, el de formación de executive-Ed y empresa familiar de gestión de [&hellip;]

Personalización textil, Bordados, campañas publicitarias
